) - (-686)/56.
2
Let h = -25 - -29. Let x = 12 - h. What is the remainder when 21 is divided by x?
5
Let d = 155 - 58. Let g(t) = 20*t**2 + 4*t + 7. Let f be g(3). Calculate the remainder when d is divided by 5/40 - f/(-8).
22
Let z = 993 - 926. Suppose -3*j = 2*j + q + 22, 2*j + 3*q + 14 = 0. What is the remainder when z is divided by 170/5*(-2)/j?
16
Suppose -5*v - 2*j = -110, 5*v - 66 = 2*v + j. Let q = 8 - 6. Suppose -4*n - q*c + 42 = 0, -5*n + 15 = c - 6*c. Calculate the remainder when v is divided by n.
6
Let q(i) = 17*i**2 + i + 1. Calculate the remainder when q(1) is divided by 16.
3
Let m(v) = v**3 - 6*v**2 + 6*v - 1. Let h be m(5). Suppose -3*p - 69 = h*y, y + 115 = -5*p + 5*y. Let o = p + 50. What is the remainder when o is divided by 15?
12
Suppose 5*k + a - 36 = 0, -4*k = a - 2*a - 27. Let y = -5998 + 6001. Calculate the remainder when k is divided by y.
1
Let x(n) = n**3 - 25*n**2 + 86*n + 29. Calculate the remainder when 566 is divided by x(21).
69
Suppose -10*c + h - 31 = -12*c, -5*c - 4*h = -82. What is the remainder when c is divided by 12?
2
Let f = -5 + 8. Suppose 3*k - d - 8 = 0, -8 = -2*k - 5*d + f*d. Suppose 4*u - 146 = -b + 55, -k*u + 142 = -b. Calculate the remainder when u is divided by 26.
23
Let z(n) = n + 13. Let h be 2/(-4) - 25/10. Let y(d) = 2*d. Let a be y(h). Calculate the remainder when 11 is divided by z(a).
4
Let c = 11 + 4. Suppose -295 = 4*v - 9*v. Calculate the remainder when v is divided by c.
14
Let t = -12 - -10. Let b(o) = -2*o**2 + 5*o + 4. Let c(u) = -u**2 + u + 1. Let k(q) = b(q) - 5*c(q). What is the remainder when 42 is divided by k(t)?
9
Let g = -17 + 20. Suppose g*a = 5*b + 229, -a = 4*a - 4*b - 360. Calculate the remainder when a is divided by 23.
22
Let r = 2745 + -2672. What is the remainder when 168 is divided by r?
22
Let q(k) = k - 8. Let s be q(13). Suppose -35 - s = -4*m. Suppose 0 = 5*u - 55 - 40. Calculate the remainder when u is divided by m.
9
Let z(g) = 31 - 3*g - 57 + 5*g**2 + g**2 + 25. What is the remainder when 20 is divided by z(-1)?
4
Let n(j) = -j**2 + j + 9. What is the remainder when ((-9)/(-6) - -5)/((-1)/(-2)) is divided by n(0)?
4
Suppose 4*x + 795 - 55 = 4*q, 0 = q + 4*x - 205. What is the remainder when q is divided by 38?
37
Let p = 7 + -23. Calculate the remainder when (-456)/p*(0 - -2) is divided by 6.
3
Suppose 7 = d + j + 5, -2 = d + 3*j. Suppose 7*m - 27 = d*m. What is the remainder when 35 is divided by m?
8
Let r = -72 + 184. Calculate the remainder when r is divided by 46.
20
Suppose -5*g = 3*v - 29, -4*g + v + 4 = -9. Suppose 47 = g*s - 9. Suppose 3*f + 5 = -2*w, 3*w - 25 = -0*f + 2*f. Calculate the remainder when s is divided by w.
4
Let k(q) = -6*q + 18. Let n be k(2). Suppose 3*u = 78 + n. Calculate the remainder when u is divided by 17.
11
Let z(o) = 4*o**2 - 9*o - 27. What is the remainder when z(-4) is divided by 29?
15
Let k(m) = 17*m**3 + 2*m**2 - 1. Let w(p) = 14 - 33*p + 34*p + 19 - 9. What is the remainder when k(1) is divided by w(-17)?
4
Suppose -2*y + 9 = 3*z, -3*z + z - 33 = -3*y. Suppose -i + 6 = -2*h, -h + 2 = 4*i - 4. Suppose -60 = -2*o - i*o. Calculate the remainder when o is divided by y.
6
Suppose 3*r - 169 = s, 0*r + 4*r = -4*s + 252. Calculate the remainder when 173 is divided by r.
57
Let u(i) = 2*i + 3. Let y(t) = t**2 - 6*t - 3. Let v be y(7). Let r = -20 - -61. What is the remainder when r is divided by u(v)?
8
Suppose 3*j + 2*k - 67 = 0, 3*j - 2*k + 20 = 91. What is the remainder when 82 is divided by j?
13
Let t = 359 - 317. What is the remainder when t is divided by 35?
7
Suppose v - 321 = -n, -5*n + 4*v + 1876 = n. What is the remainder when n is divided by 98?
22
Let t(w) = -w**3 + 6*w**2 + 4*w - 3. Let b(d) = d. Let o(m) = -b(m) - t(m). Suppose -3*z + 56 = -145. Calculate the remainder when z is divided by o(7).
16
Let s be ((-8)/(-3))/((-10)/(-6) - 1). Suppose -s = 7*l - 165. Calculate the remainder when l is divided by 13.
10
Let z(a) = 7*a - 2. Suppose 5*w = 11*w - 12. Suppose 3*s + l = 38, 0*l + 2*l - 20 = -w*s. What is the remainder when z(6) is divided by s?
12
Let x be 3 - (-67 + (-4)/(-4)). Calculate the remainder when 4/12*x + 4 is divided by 13 - -3*(-2)/(-3).
12
Suppose g - 3*w = 19, 47 = 5*g + 4*w - 3*w. Suppose -c = -5 + 2. What is the remainder when g is divided by c?
1
Let v = 256 + -229. Suppose -3*c = -1 - 17. What is the remainder when v is divided by c?
3
Suppose -4 - 14 = -3*t. Calculate the remainder when (-24)/16*(-104)/t is divided by 6.
2
Suppose 4*k + 32 = 6*k. Let j(c) = 2*c - 19. Calculate the remainder when 37 is divided by j(k).
11
Suppose 0 = -5*q + 3*k + 60, -2*k - 4 = -5*q + 51. Suppose -g = -10*g - 531. Let h = g + 83. What is the remainder when h is divided by q?
6
Let c(x) = 21*x - 2. Calculate the remainder when 357 is divided by c(2).
37
Let w(l) = -7*l - 104. Calculate the remainder when w(-16) is divided by 2.
0
Let i = -129 + 232. Suppose -5*r + 523 - i = 0. Calculate the remainder when r is divided by 22.
18
Let f(l) = 3*l + 2. Let k(y) = 3*y + 2. Let i(h) = -2*f(h) + 3*k(h). Suppose -3*s + 96 = -0*s. Calculate the remainder when s is divided by i(5).
15
Suppose z - 22 = s, -79 = -5*z - 4*s + 58. Calculate the remainder when 42 is divided by z.
17
Calculate the remainder when 2 + -6 - ((-790)/2 - -2) is divided by 7.
4
Let n(c) = c + 16. Let t be (91/(-14))/(1/2). Let o be n(t). Suppose 0 = 4*p + 2*k - 5*k - 56, -p = -o*k - 23. Calculate the remainder when 21 is divided by p.
10
Suppose -3*b - 98 = -38. Let f(w) = -w**3 - 22*w**2 - 45*w - 12. Calculate the remainder when f(b) is divided by 23.
19
Let n be 2/(-16) - 945/(-72). Suppose n = 5*v - f, 3*f - 2 = 4. Calculate the remainder when 17 is divided by v.
2
Suppose -47*h + 39 = -854. What is the remainder when 449 is divided by h?
12
Suppose -3*o + 190 = 5*q, -43*o = -44*o. Calculate the remainder when 150 is divided by q.
36
Suppose 0 = -9*z - 0*z + 351. Suppose -j + 2*j = 12. Let i = -2 + j. Calculate the remainder when z is divided by i.
9
Suppose 6 = 2*x, -3*a + 2*x - 26 - 40 = 0. What is the remainder when ((-66)/2)/(30/a) is divided by 3?
1
Suppose -365 - 25 = -5*s. What is the remainder when 151 is divided by s?
73
Calculate the remainder when 54/8 - (15/5)/(-12) is divided by 5.
2
Let g(q) = q + 17. Let y(s) be the first derivative of -8*s**2 - 2*s + 3. Let d be y(-1). Calculate the remainder when 61 is divided by g(d).
30
Suppose 0 = -d - 0*d + 8. Suppose 4*f - 45 = -3*i, 3*i - d*i + 35 = 4*f. Let c = f + -13. What is the remainder when 7 is divided by c?
1
Let d = -403 - -488. What is the remainder when d is divided by 33?
19
Suppose -5*s + 2*d + 12 = 0, 0 = 5*s - 0*s + 2*d - 8. Suppose 174 = 2*n + 146. Calculate the remainder when n is divided by s.
0
Suppose 2*l = 105 + 65. Let s(a) = 5*a + 6 - 2*a**2 + a**2 + a + 2*a. What is the remainder when l is divided by s(4)?
19
Suppose 56*c - 52*c = -18*c + 286. Suppose 5*r - 4*l - 188 = 0, 2*r + l + 2*l - 66 = 0. What is the remainder when r is divided by c?
10
Let f be (19/(-3))/(7/21). Let u = 40 + f. What is the remainder when 2/3 + 1708/u is divided by 21?
19
Suppose -2*d = -3 - 67. Suppose d = g - 5. What is the remainder when g is divided by 11?
7
Let q = 1333 - 1162. Let z = 45 + -2. What is the remainder when q is divided by z?
42
Suppose -j = v - 3, 0 = 2*j + 2*v + v - 2. Let q = -171 + 180. Calculate the remainder when q is divided by j.
2
Suppose -l + 6 = -h + 3*l, 5*h - 5*l = 0. Suppose v + 27 = h*v. Let z = 344 + -329. What is the remainder when v is divided by z?
12
Suppose -2*r + 45 + 23 = 0. Let m(l) = l**2 - 4*l - 7. Let x(z) = z**2 - 3*z - 6. Let b(f) = -6*m(f) + 5*x(f). What is the remainder when r is divided by b(9)?
10
Let v(d) = d**3 - 30*d**2 - 70*d + 211. What is the remainder when v(32) is divided by 11?
8
Suppose -b + 5*b - 2*d - 978 = 0, -4*d + 972 = 4*b. Calculate the remainder when 1/((20/b)/5) is divided by 32.
29
Let j = 308 - 263. What is the remainder when 174 is divided by j?
39
Let n(a) = 166*a - 185. What is the remainder when n(3) is divided by 21?
19
Suppose 4 = -3*g + g. What is the remainder when 4*(-1)/(-2) - -53 is divided by g/8 + (-171)/(-12)?
13
What is the remainder when 45 is divided by -3 - 82/(-5) - (-63)/105?
3
Suppose 7*q 